19)/(-1) - (9 - 5). Suppose 5*q + 0*r + u = -r, 0 = -r - 5. Let c(x) = -x**2 - 3*x + 1. Give c(q).
3
Suppose 70*y + 20*y = -360. Let k(q) = q**3 + 6*q**2 + 4. Give k(y).
36
Let m(i) = -54*i**2 + 36*i - 70. Let y(r) = -27*r**2 + 16*r - 31. Let v(x) = 4*m(x) - 9*y(x). Let j = -2 + 3. Calculate v(j).
26
Let t(m) = 8*m**2 - 8*m + 14. Let n(z) = 2*z**2 - 3*z + 5. Let i(g) = 8*n(g) - 3*t(g). Let y(w) = -7*w**2 - w - 3. Let a(h) = 6*i(h) - 7*y(h). Give a(-6).
3
Let b(o) = 7*o**2 + 4*o - 9. Let g(i) = 7 + 1700*i - 2 - 3*i**2 - 1702*i. Let r(x) = 4*b(x) + 9*g(x). Calculate r(0).
9
Let i(q) = -6*q + 60. Let b(k) = -7*k + 75. Let r(d) = -4*b(d) + 5*i(d). Suppose 3*u - 3 - 6 = 0. Let c = -1 - u. Calculate r(c).
8
Let p be (-1 - 2 - -3) + 4. Let n(l) = -80*l + 152*l - p - 73*l. Let v be 2 - 10 - (0 + 0). Calculate n(v).
4
Suppose -s + i + 0*i = 5, -16 = -4*i. Let l = 0 - s. Let o(y) = -3*y**3 + y - 1. Calculate o(l).
-3
Let b(k) = 3*k + 3 - 3 - 2*k. Suppose -5*i + 0*i - 24 = -4*q, -2*q + 18 = -4*i. Suppose -l = -3*z - 3 - q, -2*l + 7 = -5*z. Calculate b(z).
-1
Let r(i) = i - 193 - 184 - 13*i**2 + 379. What is r(-2)?
-52
Let k(u) = -2*u**3 - 2*u**2 + u + 1. Suppose 4*o - 5*g = 94, g + 102 = 3*o + o. Let h = 28 - o. What is k(h)?
-21
Let s(i) be the first derivative of i**4/4 - i**3/3 - 6*i - 3012. Determine s(3).
12
Let p(b) = -2*b. Suppose 2*d - 2*h + 2 = 0, -6*d + d + 4*h - 2 = 0. Let k be ((-2)/4)/(1/(-1))*d. Let r be ((k - 4) + 5)/(-1). What is p(r)?
4
Let z(i) be the second derivative of -i**3/2 + 9*i**2/2 - 284*i - 5. Give z(-10).
39
Let l = 8 + -7. Let w(r) be the first derivative of -7*r**5/120 + r**4/24 + 2*r**3 - 3*r**2/2 + 62. Let g(i) be the third derivative of w(i). What is g(l)?
-6
Let a(i) = 3*i**2 - 7*i + 16. Suppose -5*w + 2 = -8*v + 11*v, -2*v + 12 = -2*w. Calculate a(v).
36
Let l be 52/(-9) - 6/27. Let v(x) be the first derivative of x**3/3 + 3*x**2/2 - 6*x + 59271. What is v(l)?
12
Let y(s) = -s**3 + 5*s**2 + 6*s + 7. Let b be ((-3)/(-2))/((-36)/(-912)). Suppose 2*g = 4*r - 22, 3*r + b*g - 41*g - 15 = 0. Calculate y(r).
7
Suppose 0*x - 10 = -2*x. Let w(s) = 2*s - 9*s + 4*s + x*s + 4. Give w(4).
12
Let g(s) = -s**2 - 5*s + 3. Let i = -21304 - -21301. Determine g(i).
9
Let t = 17092 + -17092. Let s(n) be the second derivative of t + 3*n - n**3 - 3/2*n**2. Give s(-2).
9
Suppose 0 = 23*t - 21*t - 16. Suppose t*p = 4*p + 6*p. Let h(k) = -k - 5*k + p*k + 4*k + 1. Calculate h(7).
-13
Let a(d) = 2*d**2 - d + 1. Let s(v) = 9*v**2 - 16*v - 36. Let x(m) = 4*a(m) - s(m). Let c(z) be the first derivative of x(z). Determine c(9).
-6
Let r(c) = c + 4 + 8*c**2 - 21*c**2 + 19*c**2 - 10*c**2. Give r(0).
4
Let c(x) = 3*x**3 + 6*x**2 + 3*x + 11. Let a(u) = 5*u**3 + 8*u**2 + 4*u + 11. Let i(h) = 2*a(h) - 3*c(h). What is i(3)?
-5
Let z(w) = 39*w**2 + 2*w. Let o(f) = -58*f**2 - 2*f. Let q(n) = 2*o(n) + 3*z(n). Suppose 4*d = y - 21, 0*y - y = 5*d + 24. Calculate q(d).
15
Let x(j) be the second derivative of j**4/12 + 7*j**3 + 109*j**2/2 - 5*j - 306. Calculate x(-39).
-8
Let z(i) = 9*i + 113. Let t be z(-7). Suppose 3*l = 5*p + 53 - t, -p = -l - 1. Let o(c) = -3*c - 9. Give o(p).
0
Let l(f) be the second derivative of -f + 46 + 10*f**2 + 1/6*f**3. Calculate l(-15).
5
Let h(v) = 8*v**3 - 18*v**2 - 2 - 4 - 7*v**3. Let t be h(18). Let m(r) = -18*r + 13. Let b(s) = 11*s - 7. Let w(q) = -10*b(q) - 6*m(q). Calculate w(t).
4
Let r(x) = 12*x + 425. Let j be r(-35). Let d(g) = -7*g + 6. What is d(j)?
-29
Let t(o) = -o**2 + 6*o - 3. Suppose 55 = 5*k + 5*w, 8*w + 3 = 11*w. Suppose -k = 11*r - 54. What is t(r)?
5
Suppose -4*c - 3 = -4*f + 29, -6*f + 53 = -c. Let i(o) = -2. Let h(a) = -a + 10. Let w(t) = f*i(t) + 2*h(t). Give w(-3).
8
Let q(p) = 26*p - 28. Let i be q(1). Let k be 21/6 + 5/(-10). Let c(g) = 6*g**k - 3 - g**3 - 4*g**3 - 4*g. What is c(i)?
-3
Let h(b) be the first derivative of b**4/4 + 2*b**3 + b**2 + 9*b - 142049. Suppose 4*p = 2*p - 12. Calculate h(p).
-3
Suppose -37*c + 32*c + 2*g - 39 = 0, 4*c + 7*g = -14. Suppose 0 = -4*b - 1 - 3. Let r be 1 + b - (9 + c). Let k(o) = -o**2 - 4*o + 1. Calculate k(r).
5
Let n = 544 - 523. Suppose -2*a - 2*g = -7*a + 28, 0 = 5*a - 5*g - 25. Suppose n*h - a = 24*h. Let x(z) = -z**3 - 3*z**2 + 1. What is x(h)?
-3
Suppose -a = 93 + 94. Let v be 6/21 + (a/(-7) - 1). Let b be (-30)/v - (84/91)/(-6). Let s(p) = -14*p - 1. Calculate s(b).
13
Suppose 0 = -2*l + 2, -88*h + 4*l = -89*h. Let j(k) = -k - 5 + 0*k + 0*k**2 + k**3 + 3*k**2. Calculate j(h).
-17
Let y(m) be the first derivative of -4*m**2 + 6*m - 145. Let g(w) = 2*w - 1. Let n(k) = -6*g(k) - y(k). Let f be 4/(-3) - 1/(-3). What is n(f)?
4
Let a = 18 - 22. Let k(b) = -11*b + 23. Let o(i) = 5*i - 11. Let s(v) = a*k(v) - 9*o(v). Let y(z) = -z**2 + 5*z + 14. Let d be y(7). Determine s(d).
7
Let w = -7496 + 7482. Let o(t) = 6*t + 89. Give o(w).
5
Let d(c) = -10*c - 3*c + 49 + 6*c - 31 - 8*c**2 - 33. What is d(-3)?
-66
Let d(s) be the third derivative of 102*s**2 + 1/12*s**4 + 5/6*s**3 + 0 + 0*s. Suppose -7 - 1 = 2*k. Give d(k).
-3
Let s(z) be the first derivative of 8*z**2 + 2*z + 3195. Determine s(-1).
-14
Let n be ((-12)/(-16))/(-7*30/1400). Let w(g) = -3*g - 4. Let c(b) = -b - 1. Let i(r) = -4*c(r) + w(r). Give i(n).
-5
Let a(r) = 5*r**3 - r**2 - 2*r. Let c be (-105)/(-99)*3 + 18/(-99). Suppose -4*b = -5*z - 33, 3*b + z = -c + 4. Calculate a(b).
32
Let s = -112 + 114. Let z(v) = 2*v**s - 274 - 6*v - 3*v**2 + 279. Determine z(-6).
5
Let t(l) = l**3 + l**2 + 6. Let f be (-530)/(-4)*(15 - 13). Let g be f/15 + (-2)/3. Suppose 0 = 13*v - g*v. Determine t(v).
6
Let w(c) = c**3 + 7*c**2 - 7*c + 10. Let z be w(-8). Let f(y) = -2*y**2 + 183*y - 12 + y**z + 13 - 187*y. Suppose -i - 3*i - 16 = 0. Calculate f(i).
1
Suppose -11 = 2*a - 15. Let x(y) = 1 - a + 0 + 35*y**2 - 44*y**2 + 25*y**2. What is x(-1)?
15
Suppose -2 = -6*z - 8. Let b(p) = 1 + 18*p + 0*p**2 - 44*p + 26*p - 8*p**2. Determine b(z).
-7
Let o(j) = -j**2 - 10*j - 6. Suppose 8*w + 5*r = 3*w + 35, 4*w = 5*r + 1. Suppose -2*u - 2*z - 2 = 0, 3*u - 3*z + 5 = w*u. Calculate o(u).
18
Let i(v) be the third derivative of 0 - 1/6*v**4 + 0*v + 0*v**3 + 90*v**2. Determine i(1).
-4
Let f(h) = -h - 3. Suppose 6*j - 32 = 5*j - 5*b, 5*j - 4*b = 102. Let k be ((-896)/(-80))/((-4)/10). Let m = j + k. Determine f(m).
3
Let g(r) be the second derivative of -r**3/6 - 9*r**2 - r. Let v = 17008 - 17008. Give g(v).
-18
Let r(t) = -43836 + 21910 + 21919 + 5*t. Give r(4).
13
Let q(h) = -h**2 + 11*h + 5. Let s be (2 - 1) + 2 + 8. Let x be q(s). Let j(m) = -44*m + 4*m**3 + 3*m**2 - x*m**3 + 47*m. Give j(3).
9
Suppose -x + 1 = -3. Let l(w) be the second derivative of -w**4/6 + 4*w**3/3 - w**2/2 - 3944*w. Determine l(x).
-1
Let u(f) = 7*f + 25. Let p be 10 + (20 - 54)/2. What is u(p)?
-24
Let s(v) = -1 + v + 3 - 3. Suppose x = -3*w + 14 - 38, w + 8 = 5*x. Determine s(w).
-9
Let m(c) = -74714*c - 16 + 74693*c - 8 - 14*c**2 - 5*c**2 - c**3. What is m(-18)?
30
Let u(r) be the third derivative of -1/60*r**5 + 1/24*r**4 + 5*r**2 + 0*r + 0 + 0*r**3. Suppose -6*p = -p - 10. What is u(p)?
-2
Let o(m) = 2*m**3 - 3*m**2 + 3*m - 6. Let j be o(3). Suppose -j + 36 = g. Suppose 2*n = -3*k + n + 8, 2*n = -k + g. Let a(c) = -c**2 + c + 1. Calculate a(k).
-1
Let h(o) = -43 - 10 - 43 + 33 - o**2 + 22 - 25*o. Calculate h(-20).
59
Let k(q) be the second derivative of -q**4/12 + q**3/6 - 9*q**2/2 - 182*q - 6. What is k(-7)?
-65
Let m be (39/12)/(-8*1/(-32)). Let d(y) = -857*y**3 - m*y**2 - y - 13 + 0*y + 427*y**3 + 429*y**3. What is d(-13)?
0
Let i(s) be the second derivative of -8*s**3/3 - 4*s**2 + 1820*s. Give i(-3).
40
Let s(j) be the first derivative of -j**4/4 - j**3 - j**2 - j - 3. Suppose 158*p = 153*p + 4*d + 2, 0 = d + 3. Determine s(p).
-1
Let x(y) be the first derivative of -7*y**2/2 - 67*y - 1974. What is x(-11)?
10
Let z = -29 + 34. Suppose 0 = 2*f - 4*o - 30, -8*f - 4*o + z = -3*f. Let k(h) be the first derivative of h**3/3 - 3*h**2/2 - 3*h + 21. What is k(f)?
7
Let y(q) be the second derivative of q**5/20 - 3*q**4/4 + 3*q**3/2 - 3*q**2/2 - 53*q - 24. Calculate y(5).
-58
Let u(y) be the third derivative of y**4/8 - 13*y**3/6 + 5183*y**2. What is u(6)?
5
Let k(i) be the third derivative of 5*i**4/12 - 11*i**3/6 - 256*i**2 + 2. Determine k(5).
39
Let s(k) = 1